-6)*14. Let f = -3104 - a. Is f composite?
False
Let d(g) = g**2 + 1. Let a be d(-2). Let u be -9 + -2 + (-70 - -86). Suppose -a*l + 3*k + 1714 = 0, u*k + 19 = 4. Is l prime?
False
Suppose -5*s - o = o - 750733, 8 = 2*o. Suppose 5*j + 0*j - s = -3*q, 5*j + 5*q = 150145. Is j a prime number?
True
Let k be 256271 - (-6 + 0/4). Suppose -5*x = -36*x + k. Is x prime?
False
Let c = 860240 - 449545. Is c a prime number?
False
Suppose 0 = -3*r + 15, -167099 = -d + 58*r - 52*r. Is d prime?
False
Suppose -2639674 = -4*x + 2*y, -2*x + 751803 + 568046 = -5*y. Is x a composite number?
False
Let i(q) = 193*q**3 + 27*q**2 - 53*q + 336. Is i(19) prime?
False
Suppose 51*f - 1677615 = 36*f. Is f a composite number?
True
Let r = 7443214 + -4756827. Is r a composite number?
True
Let w = -12 + 92. Let v = -131 + w. Is (-5 - v/9)/(4/3522) a prime number?
True
Suppose -230*y - 234*y = -465*y + 100522. Is y prime?
False
Let c = 2254 + -1367. Suppose -5*y - 5*l + c = -l, 0 = y - l - 172. Let v = 738 - y. Is v composite?
False
Let d(l) = -l + 10. Let o be 9/(-18)*(-10 + 0). Let g be d(o). Suppose -g*u + 6*k = 2*k - 8807, -8798 = -5*u + k. Is u prime?
True
Let w(x) = -7*x + 107. Let o be w(14). Let f(a) = a**3 + 1 - 4*a**2 + 5*a - 7*a - 18*a. Is f(o) a prime number?
False
Suppose -8 = 3*u + 2*r - 42, 0 = -2*u + 5*r + 10. Let c(q) = q**2 + 32*q - 233. Let w be c(-38). Is 107*(u/(-50) - 16/w) composite?
True
Let l(d) be the first derivative of 2*d**3 - 7*d**2 + 11*d + 1. Let f(w) = 3*w - 79. Let i be f(30). Is l(i) a composite number?
True
Let w be ((-8)/(-3))/((-26)/(-78)). Let u(o) = 36 + 0*o + 84*o - 1. Is u(w) prime?
False
Let p(k) = k + 13. Let q be p(-11). Suppose -119 = q*n + 4*o - 11, 5*n = 4*o - 270. Let a = 197 + n. Is a composite?
True
Let w be (-17 + 25)*1/2. Is w*9/126 - 34114/(-14) a composite number?
False
Let v = 16459 + -8172. Is v a prime number?
True
Let l(d) = -d + 8. Let w be l(2). Let s be (w/(-8))/((-6)/44592). Let y = -3841 + s. Is y a prime number?
True
Suppose -31*r + 32*r = 5*g + 488575, 0 = 3*r - 4*g - 1465681. Is r a composite number?
True
Let u(s) = -61*s**3 + 12*s**2 + 156*s - 15. Is u(-14) prime?
True
Let v(d) = 5403*d - 394. Is v(15) a composite number?
False
Let f = 1151862 + -389115. Is f composite?
True
Let m(d) = d**3 + 5*d**2 + 7*d. Let z be m(-5). Let i be 4/10 + (-1141)/z. Suppose 0 = -2*x + 3*l + 161, -2*x - l + 190 = i. Is x a composite number?
False
Let n(h) = -386*h**3 - h**2 + 5*h - 1. Let f be n(4). Let x = f - -41960. Suppose 4*o - x = -j - 0*j, 4*o + 5*j - 17255 = 0. Is o composite?
True
Let i be 2*(10/(-4) + 2). Let z = 4 + i. Suppose 0*b - 680 = -b - z*p, 4*b = -4*p + 2712. Is b prime?
True
Suppose 71 = 2*u + 67. Suppose 5*c + 740 = 3*c - 2*i, u*c + 3*i = -743. Let x = 1044 + c. Is x a prime number?
True
Let a be 3/9 + 0 + 74/(-6). Let j be (a - -13) + 3*1088. Suppose j = 4*c + 669. Is c a prime number?
False
Let w(p) = -p**3 + p**2 - p - 1. Let c(h) = 87*h**3 - 6*h**2 - h + 1. Let t(m) = -c(m) - 2*w(m). Is t(-2) a prime number?
True
Let h(m) = 50*m**2 + 7*m. Let f be h(1). Suppose 51*k + 29166 = f*k. Is k prime?
True
Let w = 2256792 + -379843. Is w a composite number?
False
Suppose 5*n + 133533 = 2*f - 1373741, -2*n + 3768243 = 5*f. Is f prime?
True
Suppose -25*t + 8 = -23*t. Suppose -k + 0*a + 708 = 5*a, 2912 = 4*k + t*a. Is k composite?
False
Let f(x) = 7*x**2 + 5*x - 15. Let b be f(-11). Suppose b = 2*k - 41. Suppose 2*c = k + 1321. Is c a composite number?
True
Suppose 335 = 14*x - 7547. Let z = x + -58. Is z composite?
True
Let z(t) = 216*t**2 - t - 402. Is z(19) a prime number?
False
Suppose 3*l - 34 = 101. Let a = l + -43. Suppose 0 = -o + 5*o + 2*s - 360, -263 = -3*o + a*s. Is o composite?
False
Suppose 3*c = 6*c + 72. Let g = -24 - c. Suppose 2*b + 5*k = 3267, -3 = -3*k - g. Is b composite?
True
Let m be 4*(4 - (-14)/(-4)). Let f be (m + -829)*-1 - (4 + -4). Let u = f + -306. Is u prime?
True
Let b(a) be the second derivative of 77*a**4/12 + 7*a**3/6 - 17*a**2/2 + 10*a. Let f be b(-9). Let r = f + -4250. Is r a composite number?
False
Let z = 48861 - 19120. Is z a prime number?
True
Suppose 3*o - 5*p + 15 = o, -4*o = 4*p - 40. Suppose -2*w + 2*c + 42425 = w, o*w - 4*c = 70707. Is w a composite number?
False
Let w = 23 - 15. Let r(j) = 2*j**3 + j**2 - 8*j + 19. Let m be r(w). Suppose -d - 3*z = -m, -3*d + z = -d - 2114. Is d composite?
True
Let t(l) = -2*l**2 - 5*l + 4. Let f(j) = -j**2 + 1. Suppose 0 = -3*u + 7*o - 4*o, 3 = -u + 4*o. Let v(k) = u*t(k) - 5*f(k). Is v(11) composite?
False
Let j(q) = -6*q**3 - q**2 - 3*q - 3. Let t be j(-1). Suppose 0 = 2*l + t*l - 15127. Is l composite?
False
Suppose -2879628 = -59*d - 46*d + 93*d. Is d a composite number?
True
Let p be 0*(20/(-8))/5. Suppose -3*q - 4*z - 10 = p, 0 = -2*q - 3*z - 5 - 3. Suppose 0 = -x - 3*l + 406, x - 414 = 7*l - q*l. Is x prime?
True
Let q = -49 + 42. Let m be (q/3)/((-2)/6). Suppose 0 = 5*c - m - 8, 3*c - 712 = -u. Is u a prime number?
False
Let t = -87 + 91. Let g = t - -3. Is g*296 + (1 - 1) + 1 a prime number?
False
Let p = 52250 + -21519. Is p a composite number?
True
Let q(d) = -3019*d**3 + 16*d**2 + 25*d + 9. Is q(-3) a prime number?
False
Let c(n) = -22*n**3 + 14*n**2 - 8*n - 79. Is c(-12) prime?
False
Let m(f) = -f - 2. Let i be m(0). Is (-131)/i*-2*-17 a composite number?
True
Let y(m) = 31 + 4*m**3 - 3*m**3 - 45 + m - 8*m**2. Let k be y(8). Let d(t) = -236*t - 19. Is d(k) prime?
False
Let t(r) = r**3 - 5*r**2 + 9*r - 16. Let v be t(4). Suppose 7222 = 3*b - 2*y, 0 = -v*b - 4*y + y + 9618. Suppose 12*d - 13086 = b. Is d a composite number?
False
Is ((-534)/4)/((-48)/16672) prime?
False
Suppose 41*d = -29*d + 23*d + 8629717. Is d composite?
False
Suppose -2*t = 4*s - 2356, 3*s + 2*t + t = 1764. Suppose -g = 4*g - s. Is g/(-3)*((-78)/12 + -4) composite?
True
Suppose -8*m + 1655 = -7*m. Let g = m + -858. Is g prime?
True
Suppose -15*r = -26 - 4. Suppose 5*i + 15 = 0, -101 = -r*j - 2*j + 3*i. Let t = j - -28. Is t composite?
True
Let r(n) = -3106*n**3 - 7*n**2 - 7*n + 1. Suppose 4*o = 5*l + 21, 3*l + 18 = 2*o + 5. Is r(o) a prime number?
False
Let g = -1622 - -1623. Suppose 0 = -d - 385 + 2145. Is d + (-2)/(-1*(g + -3)) prime?
True
Let c(k) = -k**2 + 3*k + 10. Let h be c(6). Let d(w) = -18*w**3 - 4*w**2 + 5*w + 33. Is d(h) a composite number?
True
Let l = -9617 - 24040. Is l/(-24) + (75/(-40))/5 composite?
True
Suppose 2*m - 259 = -5*m. Let f = m + 50. Suppose f*o - 2455 = 82*o. Is o prime?
True
Let b = 46 - 44. Let s be b - 33/18 - (-1)/(-6). Is 1 + s + 112 + -2 a prime number?
False
Let h(w) = -w**3 + 77*w**2 + 209*w + 71. Is h(40) prime?
True
Suppose 4*h = -2*u + 577190, -3*u + 38965 - 183273 = -h. Is h a prime number?
True
Suppose -2*k = b + 1, 0 = -11*b + 8*b + 4*k + 27. Let p(m) = 93*m - 74. Is p(b) a composite number?
True
Let c(z) be the second derivative of -13*z**5/20 - 5*z**4/4 - z**3/3 + 3*z**2/2 + 5*z + 16. Is c(-6) prime?
False
Suppose 14*y - 39095 = 1903083. Is y a prime number?
True
Let c be ((-3)/2)/((-75)/250). Suppose 3*l - r = 1444, 25*r - 22*r = c*l - 2408. Is l a prime number?
False
Let g = 52 - 1. Let w(s) = -42*s + 4 - 100*s + 55*s - g*s. Is w(-5) a prime number?
False
Let j(o) = 94276*o**2 + 44*o - 5. Is j(3) a prime number?
True
Let q(h) = h**2 + 4*h - 32. Let n be q(-8). Suppose 6*u - 2*u = 3*o + 8625, 5*u + 3*o - 10788 = n. Is u prime?
False
Suppose 10*l - 3688 = 92. Suppose -l*f + 372*f = -24762. Is f composite?
False
Let t = 173 + -165. Suppose -t*d - 62*d + 15470 = 0. Is d a prime number?
False
Suppose -4*d + 1132275 = d - 29020. Is d prime?
True
Let a(g) = 65003*g - 9705. Is a(8) composite?
False
Let w(v) = 16*v**2 + 8*v + 4. Let j be w(-6). Let q be 22596/(-105) + 2/10. Let i = j + q. Is i a composite number?
False
Let a = 25 + 77. Suppose 0 = a*z - 94*z - 4168. Is z prime?
True
Suppose -2*h - 3204411 = -21*q, 4*q + 7*h - 5*h = 610364. Is q a composite number?
True
Is (6/(84/(-308105)))/(27/(-6) + 4) composite?
True
Suppose -14 = 2*g + 58. Let d = g + 39. Suppose 0 = d*z - 2*o - 5058 + 93, 0 = -z - 4*o + 1669. Is z a composite number?
False
Is 872500/70 + -1 + -2 - (-2)/(-7) a prime number?
False
Suppose 3*f - 23*f - 2673800 = 0. Is (-86)/(-473) + f/(-22) a prime number?
False
Suppose -8*q - 386316 = -111